ctors of 50533141?
19, 139981
What are the prime factors of 37651356?
2, 3, 73, 14327
What are the prime factors of 37403573?
677, 55249
What are the prime factors of 69509090?
2, 5, 7, 17, 58411
List the prime factors of 24612913.
13, 47, 40283
List the prime factors of 3211766746.
2, 2287, 702179
What are the prime factors of 6714813264?
2, 3, 43, 3253301
What are the prime factors of 1099050860?
2, 5, 23, 2389241
List the prime factors of 126048784.
2, 97, 241, 337
What are the prime factors of 1400792597?
29, 53, 251, 3631
What are the prime factors of 5245751859?
3, 71, 541, 45523
What are the prime factors of 581372677?
581372677
List the prime factors of 116690275.
5, 13, 71, 389
What are the prime factors of 2957918303?
2957918303
What are the prime factors of 364700619?
3, 107, 378713
What are the prime factors of 1620911434?
2, 810455717
What are the prime factors of 733639882?
2, 366819941
What are the prime factors of 47325741?
3, 1753, 8999
List the prime factors of 1448735903.
17, 5012927
What are the prime factors of 3219470?
2, 5, 321947
What are the prime factors of 435575037?
3, 17, 1193, 7159
List the prime factors of 204515012.
2, 13, 19, 15923
What are the prime factors of 2484361?
11, 71, 3181
List the prime factors of 24858800.
2, 5, 29, 2143
What are the prime factors of 113843167?
2237, 50891
What are the prime factors of 205660379?
149, 1380271
What are the prime factors of 95596727?
521, 183487
What are the prime factors of 426997923?
3, 11, 79, 163789
What are the prime factors of 336571593?
3, 17, 29, 227567
List the prime factors of 43430063.
127, 569, 601
List the prime factors of 452239307.
13, 41, 59, 73, 197
List the prime factors of 77451710.
2, 5, 7, 181, 6113
What are the prime factors of 9590418?
2, 3, 532801
List the prime factors of 1838372577.
3, 612790859
What are the prime factors of 8970169442?
2, 13, 17, 67, 302903
List the prime factors of 1867867832.
2, 41, 5694719
List the prime factors of 4089285.
3, 5, 23, 439
What are the prime factors of 19710131?
7, 2815733
List the prime factors of 507746611.
507746611
List the prime factors of 202874630.
2, 5, 7, 311, 9319
List the prime factors of 386944573.
31, 43, 53, 5477
What are the prime factors of 74264701?
7, 977, 10859
List the prime factors of 695342635.
5, 13, 139, 76961
List the prime factors of 41869714.
2, 347, 60331
What are the prime factors of 221343086?
2, 103, 1074481
List the prime factors of 827676828.
2, 3, 11, 37, 56489
What are the prime factors of 3155872756?
2, 5147, 153287
What are the prime factors of 1834942317?
3, 13, 29, 1622407
List the prime factors of 434458098.
2, 3, 24136561
What are the prime factors of 37596570?
2, 3, 5, 11, 59, 1931
What are the prime factors of 47798627?
47798627
What are the prime factors of 182433197?
182433197
What are the prime factors of 56197739?
13, 191, 1741
List the prime factors of 21354472.
2, 883, 3023
List the prime factors of 33390254.
2, 67, 249181
List the prime factors of 54590480.
2, 5, 7, 71, 1373
List the prime factors of 14921830.
2, 5, 7, 11, 19379
List the prime factors of 71156668.
2, 11, 191, 8467
What are the prime factors of 132529803?
3, 7, 6310943
List the prime factors of 817185965.
5, 41, 3986273
List the prime factors of 81217261.
3359, 24179
What are the prime factors of 1584828?
2, 3, 7, 19, 331
What are the prime factors of 241792348?
2, 7, 8635441
What are the prime factors of 355714675?
5, 19, 227, 3299
What are the prime factors of 1351320507?
3, 150146723
List the prime factors of 117967828.
2, 11, 17, 23, 6857
List the prime factors of 34683582.
2, 3, 109, 181, 293
List the prime factors of 2653346907.
3, 23, 12818101
What are the prime factors of 191076749?
19, 101, 99571
List the prime factors of 214352864.
2, 11, 17, 113, 317
List the prime factors of 108486137.
1237, 87701
List the prime factors of 3246072991.
7, 1787, 259499
What are the prime factors of 164181910?
2, 5, 16418191
List the prime factors of 288854278.
2, 577, 250307
What are the prime factors of 429524654?
2, 13, 31, 40993
List the prime factors of 259560709.
17, 41, 372397
List the prime factors of 2733411917.
43, 63567719
List the prime factors of 87821423.
2693, 32611
What are the prime factors of 1278062537?
41, 4597, 6781
What are the prime factors of 8653317?
3, 2884439
List the prime factors of 2429441178.
2, 3, 404906863
List the prime factors of 1990082.
2, 37, 26893
What are the prime factors of 1048666692?
2, 3, 17, 23, 53, 4217
List the prime factors of 1200077977.
7, 171439711
List the prime factors of 22861733.
59, 449, 863
List the prime factors of 893837310.
2, 3, 5, 41, 726697
What are the prime factors of 79326272?
2, 31, 39983
What are the prime factors of 446274302?
2, 89, 97, 25847
List the prime factors of 24260801.
491, 49411
What are the prime factors of 6154738909?
11, 43, 101, 128833
List the prime factors of 12244644.
2, 3, 340129
List the prime factors of 75566143.
127, 317, 1877
List the prime factors of 2854041532.
2, 17, 79, 531281
List the prime factors of 23575390.
2, 5, 19, 167, 743
What are the prime factors of 195931332?
2, 3, 1814179
List the prime factors of 1951705700.
2, 5, 7, 1171, 2381
What are the prime factors of 277041504?
2, 3, 61, 47309
What are the prime factors of 65469168?
2, 3, 151549
List the prime factors of 4349874505.
5, 719, 1209979
What are the prime factors of 30823486?
2, 31, 497153
List the prime factors of 833156547.
3, 821, 338269
List the prime factors of 392670543.
3, 563, 232487
List the prime factors of 6409801994.
2, 41, 78168317
List the prime factors of 121565792.
2, 3798931
What are the prime factors of 169278980?
2, 5, 13, 19, 34267
What are the prime factors of 1054959903?
3, 421, 92809
List the prime factors of 55397418.
2, 3, 1021, 9043
List the prime factors of 177808365.
3, 5, 7, 19, 3301
List the prime factors of 3467177639.
47, 7309, 10093
List the prime factors of 6236660833.
13, 19, 25249639
List the prime factors of 335505981.
3, 241, 464047
What are the prime factors of 943987311?
3, 89, 392837
List the prime factors of 466281709.
466281709
List the prime factors of 177520937.
11, 16138267
List the prime factors of 588301181.
13, 1861, 24317
List the prime factors of 3132111005.
5, 971, 645131
List the prime factors of 185059643.
29, 283, 22549
List the prime factors of 5971531337.
19, 314291123
What are the prime factors of 120054514?
2, 60027257
List the prime factors of 110775878.
2, 61, 907999
List the prime factors of 2947454530.
2, 5, 1301, 226553
What are the prime factors of 380882813?
380882813
List the prime factors of 139687158.
2, 3, 13, 103, 17387
What are the prime factors of 56758074?
2, 3, 37, 255667
List the prime factors of 56275921.
13, 29, 113, 1321
What are the prime factors of 825198271?
347, 1117, 2129
List the prime factors of 201333859.
3319, 60661
List the prime factors of 864136354.
2, 181, 2387117
What are the prime factors of 655232830?
2, 5, 7, 9360469
What are the prime factors of 186197277?
3, 7, 17, 41, 12721
List the prime factors of 58151595.
3, 5, 3876773
What are the prime factors of 70914486?
2, 3, 11819081
What are the prime factors of 264846085?
5, 7, 7567031
What are the prime factors of 3719967655?
5, 499, 1490969
What are the prime factors of 12589489?
11, 1144499
What are the prime factors of 43642719?
3, 538799
List the prime factors of 753137917.
7, 29, 47, 193, 409
What are the prime factors of 63773923?
113, 564371
List the prime factors of 46963450.
2, 5, 31, 41, 739
What are the prime factors of 1032979183?
1032979183
What are the prime factors of 257169175?
5, 163, 223, 283
List the prime factors of 684986450.
2, 5, 599, 22871
What are the prime factors of 373719079?
71, 5263649
List the prime factors of 21612294.
2, 3, 11, 9923
List the prime factors of 204943412.
2, 73, 173, 4057
List the prime factors of 669181868.
2, 151, 1107917
What are the prime factors of 307514593?
173, 1777541
What are the prime factors of 4262975549?
7, 23, 557, 6791
What are the prime factors of 154103410?
2, 5, 277, 55633
What are the prime factors of 1026111086?
2, 7, 11, 13, 512543
What are the prime factors of 341042171?
9349, 36479
List the prime factors of 81510693.
3, 1